4*u + 3*u + 7. Suppose 3*j + 0*j - 3*z = 15, -5*z = 2*j + 4. Suppose -j*t = 5*c + 16, -2*t = -u*t - 3*c. What is the units digit of t?
3
Let o(r) = 26*r + 47*r**3 - 5*r - 2 + 13 - 9*r**2 - 46*r**3. What is the units digit of o(11)?
4
Suppose 0 = -2*u + 9*u + 23*u - 30. What is the units digit of u?
1
Let f(v) = 892*v + 277. What is the thousands digit of f(5)?
4
Suppose 2*d + h = 14118, -3*h = 4*d + 8638 - 36878. What is the units digit of d?
7
Let g be (2 - (7032 + 3)) + 0 + 1. What is the tens digit of g/(-20) + (-5)/(175/(-14))?
5
Let f(w) = 4*w**3 - 8*w**2 + w - 2. Let u(k) = 13*k**3 - 23*k**2 + 4*k - 7. Let q(j) = -11*f(j) + 4*u(j). What is the units digit of q(2)?
2
What is the ten thousands digit of 13 + ((-6103580)/(-126))/1 - (-2)/(-18)?
4
Let f(s) = -s**3 - 27*s**2 - 86*s - 102. What is the thousands digit of f(-30)?
5
Suppose 18 = -40*z + 43*z. Let b be 3/1 - ((-180)/4 + -4). Suppose z - 3 = -s, w + 4*s = b. What is the units digit of w?
4
Let l(h) be the first derivative of 7*h**3 - 5*h**2/2 - 9*h + 23. What is the units digit of l(-3)?
5
Suppose -5*p + 252846 = 6*p. Suppose 21*s = 19*s - p. What is the hundreds digit of (-3)/7 - (s/(-21))/(-3)?
1
Let v = -20 + 44. Suppose v = -3*f + 144. Suppose 0 = k + u - 10, f = 2*k - 0*k - 3*u. What is the tens digit of k?
1
Suppose 5*r - o - 65847 = 0, -111*o + 116*o = -3*r + 39525. What is the hundreds digit of r?
1
What is the ten thousands digit of (22/(-10) - (-1)/5) + 1184436/54?
2
Let u = -109 - -229. What is the hundreds digit of ((-985)/(-4) - 2) + 90/u?
2
Suppose -5*x + 11392 = 2*o - 10607, 2*x - 8799 = -o. What is the tens digit of x?
0
Let w = 20598 + -10298. What is the units digit of w?
0
Suppose -63391 = -4*k + 41*x - 34*x, -5*k + 3*x = -79210. What is the tens digit of k?
3
Suppose 0 = l - 2*l + 2*g - 12, -5*l = -3*g + 53. Let r = l - -10. Suppose r = 57*z - 59*z + 488. What is the hundreds digit of z?
2
Let q(k) = 1956*k**2 + 189*k - 381. What is the units digit of q(2)?
1
Let h be 3/(45/6088) + 2/15. Suppose -g - 2*m - 3*m + h = 0, 0 = 2*g + 3*m - 826. What is the hundreds digit of g?
4
Let p(u) = 34*u**2 - u - 2. Let y be p(-2). Let t = y - 98. Suppose -t + 102 = 4*w. What is the tens digit of w?
1
Let w(a) = -28*a**2 - 18*a + 1. Let d be w(-13). What is the hundreds digit of -8 + 2 + 3*d/(-9)?
4
Suppose 3*g + 39 - 668 = o, -4*g = -o - 840. Let i = 498 - g. What is the tens digit of i?
8
Let i(a) = 487*a**2 - 183*a - 2. What is the thousands digit of i(6)?
6
Let q = -3 - -9. Let p be 2 - 2 - q - 0/(-3). What is the units digit of (-28)/p*54/7?
6
Suppose -c + 9191 = 3*u, 4*u + 5*c = 13202 - 962. What is the hundreds digit of 5 - (-204)/(-48) - u/(-4)?
7
Suppose 15*u - 1571 - 319 = 0. Let o(j) = -j**3 + 6*j**2 + 7*j + 5. Let t be o(6). Let s = u - t. What is the tens digit of s?
7
Suppose 3900 = 5*i - 4*p - p, -1557 = -2*i + 3*p. Suppose -7*y = -i - 1604. What is the hundreds digit of y?
3
Suppose 9*p = t - 779 + 11795, -3*t + 6120 = 5*p. What is the tens digit of p?
2
Suppose -r - 3*t + 14 + 8 = 0, -t - 2 = -r. What is the units digit of (-1 + -39)*(5 - (r + -1))?
0
Let x = 8 + -8. Suppose -8*r - 5 - 3 = x. What is the units digit of (-222)/(-2 + r) - 3?
1
Let b(c) = 612*c + 4885. What is the thousands digit of b(-6)?
1
Let g = -7582 + 35265. What is the tens digit of g?
8
Let n(z) = z**3 - 8*z**2 + 15*z + 5. Let l be n(5). Suppose t - 174 = -l*d + 98, -t = 3*d - 270. Let w = t - 76. What is the units digit of w?
1
Suppose -15*j + 5*j = -74*j + 138816. What is the hundreds digit of j?
1
Let w = 190 + -54. Suppose -4*n + 5*p - 385 = 0, 0 = 5*p - p + 12. Let a = n + w. What is the units digit of a?
6
Suppose 4*w = -5*b + 47571, 4*w + 14935 = 3*b - 13646. What is the hundreds digit of b?
5
Suppose -5*n = s - 13520 - 30249, -2*n + s = -17509. What is the units digit of n?
4
Suppose -21*s + 106999 = -80229 - 37430. What is the thousands digit of s?
0
Let x(n) = 4*n + 71. Suppose 10*q - 141 - 169 = 0. What is the hundreds digit of x(q)?
1
Let b(f) = 41*f**2 - 10*f + 8*f + 0 + 1 + 161*f**2. Suppose 0 = -8*i + 17*i + 9. What is the hundreds digit of b(i)?
2
Let h(r) = 2*r**2 + 6*r + 2. Suppose -19 = 3*i + 2*j - 1, 24 = -4*i - 4*j. Let s be h(i). Let w = s - -99. What is the tens digit of w?
3
Let k(h) = 12 + 4*h**2 + 6*h**2 + 15*h - 15 - 19*h. Let c be (1/(-3))/((-3)/(-9)). What is the units digit of k(c)?
1
Suppose 12*m + 2 = 10*m. Let i be 92/16 + (m - 10/(-8)). What is the units digit of (3/i)/(3/114)?
9
Let o be 23/(((-8)/(-47))/8). Suppose 2*g + 211 = 2*h - 213, -2*g = 5*h - o. What is the hundreds digit of h?
2
Let q = 15 - -28. What is the units digit of q?
3
Let q(r) = -18*r - 83. Let m(b) = -2*b. Let j(x) = 8*m(x) - q(x). Suppose 0 = -0*y + y. What is the units digit of j(y)?
3
Suppose 3*o - 15362 = 4*r + 704, 2*o = 3*r + 10709. What is the units digit of o?
2
What is the tens digit of (-12)/2 + (-4288)/(-737) - 1799830/(-55)?
2
Let d = -1764 - -1744. Let x be 2/(-1*2/(-6832)). What is the units digit of (x/d)/7*(-10)/4?
2
Let j be (-150)/(-500) - 6/20. Suppose 0 = p - 3*c + 8*c - 784, j = 2*p + 4*c - 1550. What is the units digit of p?
9
Suppose -5*j - q = -63260, -23339 - 14630 = -3*j + 2*q. What is the thousands digit of j?
2
Suppose -4*n = v - 8097, 26*v - 24*v = -4*n + 16210. What is the units digit of v?
3
Let z(i) = -9*i**2 + 6*i - 11. Let v be z(-6). Suppose -g - 4*x - 252 = -3*x, 0 = -3*g + 5*x - 788. Let y = g - v. What is the hundreds digit of y?
1
Let r = 790 + -563. Let w = r + -16. What is the tens digit of w?
1
Let q = 19575 - -61931. What is the units digit of q?
6
Let t = 2 + -3. Let d be (120/(-18))/t*(-3)/(-2). Let n(a) = a**2 - 4*a - 20. What is the tens digit of n(d)?
4
Suppose 0 = -2*y + 2*u + 8, -2 = -5*y - 4*u - 0*u. Let q(c) = 14*c**3 + 4*c**2 + 2. What is the hundreds digit of q(y)?
1
Let t(n) = -1142*n + 1758. What is the hundreds digit of t(-13)?
6
What is the units digit of (-6)/8*(-1 + 417804/(-36))?
5
Let a = -1321 + 1879. Suppose -d = d - a. Suppose 0*m = -3*m + d. What is the units digit of m?
3
Let a(s) = s**3 + 15*s**2 - 11*s - 8. Let j be a(-16). Let z = j - -74. Let y(h) = 2*h**2 + 17*h + 33. What is the hundreds digit of y(z)?
1
Let o be 46/(-184)*(-197 - -1). Suppose -48*b - 158 = -o*b. What is the units digit of b?
8
Suppose 5*c = -5*g + 1472 + 55223, 5*g - 30 = 0. What is the tens digit of c?
3
Let j(l) = 3*l**2 + 19*l + 14. Let n be j(-6). Suppose 99 = n*i - 77. Let k = -7 + i. What is the tens digit of k?
1
Suppose -4*b + 3167 = 4*d - 3*b, 2*d - b = 1591. Suppose 2*w + w - 202 = -h, -4*h + 3*w + d = 0. What is the hundreds digit of h?
1
Suppose -46 = 4*r + 54. Suppose 199*z + 97*z - 489 + 1377 = 0. What is the tens digit of z/(-5) - 3210/r?
2
Let s = -4277 + 5356. What is the thousands digit of s?
1
Let c = 10 - 17. Let t = -7 - c. Suppose -623 = -3*g + 5*n, -g + t*g = -3*n - 213. What is the hundreds digit of g?
2
Let p(m) = 14*m - 77 - 30 - 23 + 33. What is the hundreds digit of p(15)?
1
Let w be 160/(-16)*((-22)/10 - -2). Suppose -n = -w*n + 160. What is the tens digit of n?
6
Suppose 4*r - 431 = -3. Let c(f) = 6*f + 5. Let b be c(7). Let w = r - b. What is the units digit of w?
0
Suppose 6 - 34 = 7*w. Let p be 1/(w/(-16) + 0). Suppose p*d - 176 = -0*d. What is the tens digit of d?
4
Let d(n) = -31 - 6 + 38*n + 98 - 11*n + 75. What is the tens digit of d(30)?
4
Let i(t) = 3*t**3 - 75*t**2 + 14*t - 30. Let s be i(25). Let y = 533 - s. What is the tens digit of y?
1
Suppose -583 = 5*o - 0*o - 3*l, -3*o - 3*l = 369. Let u be 363 - ((22 - 15) + 9). Let q = u + o. What is the tens digit of q?
2
Suppose 0 = -f + a + 10315, -2*f + 0*a + 20633 = -a. What is the ten thousands digit of f?
1
Suppose -24*y - 423 = -27*y. What is the tens digit of (60/(-36))/((-1)/y)?
3
Suppose 255*h - 352648 - 722140 - 1617247 = 0. What is the tens digit of h?
5
Suppose x - 6 = 3*x. Let j(i) be the third derivative of -i**4/24 + 2*i**3 + 16*i**2. What is the tens digit of j(x)?
1
Suppose 295*a - 255*a = 1486480. What is the units digit of a?
2
Let q(n) = 1444*n + 563. What is the units digit of q(9)?
9
Let v = -1317 - -7960. What is the thousands digit of v?
6
Let d be ((-44)/8 - 2)/((-3)/(-6)). What is the tens digit of (10/d*153)/(-2)?
5
Let a(y) = 15